 base 11, what is -6 + 24?
19
In base 2, what is 11 + -101101011?
-101101000
In base 6, what is -5 + -135?
-144
In base 6, what is -1134 - 2?
-1140
In base 8, what is -14 - 30?
-44
In base 12, what is -2 - 3109?
-310b
In base 16, what is 551 + 3?
554
In base 4, what is -3 + 100?
31
In base 2, what is -1011 + -111010011?
-111011110
In base 5, what is -1302 - 20?
-1322
In base 13, what is 5 + 7a?
82
In base 3, what is 0 + -22100?
-22100
In base 6, what is 34 + -155?
-121
In base 7, what is 14 - -16?
33
In base 12, what is 0 - 47a?
-47a
In base 2, what is -10001110010 - -10?
-10001110000
In base 8, what is 30 - 540?
-510
In base 13, what is -1 + 7?
6
In base 8, what is 101 - -55?
156
In base 8, what is 54 + -1?
53
In base 10, what is 2 - 221?
-219
In base 16, what is 4 - 70?
-6c
In base 13, what is -2256 - -6?
-2250
In base 14, what is 2 - -b?
d
In base 9, what is 1225 + 4?
1230
In base 6, what is -2 - -42?
40
In base 13, what is -4b9 - 4?
-4c0
In base 9, what is -4 - -6880?
6875
In base 16, what is -4 - -38?
34
In base 6, what is -2 - 342?
-344
In base 14, what is 3ca - 7?
3c3
In base 11, what is 9 + -81?
-73
In base 14, what is 0 + -186d?
-186d
In base 3, what is -100 - -2001121?
2001021
In base 13, what is 3 - -264?
267
In base 12, what is 2a3 - 2?
2a1
In base 9, what is -322 - 7?
-330
In base 10, what is -1 - -5846?
5845
In base 4, what is -223 + 10?
-213
In base 10, what is -121 - -11?
-110
In base 13, what is 7 - -27?
31
In base 7, what is 1232 - -2?
1234
In base 14, what is -1c + a?
-12
In base 15, what is 3 + 63?
66
In base 10, what is -57 + 5?
-52
In base 15, what is 1878 + 3?
187b
In base 8, what is 340 - 2?
336
In base 7, what is -10303 + -4?
-10310
In base 6, what is -1405 + -3?
-1412
In base 13, what is -b - 1a?
-28
In base 6, what is -10 + -3?
-13
In base 3, what is -1 + 1220?
1212
In base 11, what is -47 + 3a?
-8
In base 4, what is -10 + -20321?
-20331
In base 7, what is -3 + -106?
-112
In base 6, what is 1213 + 3?
1220
In base 7, what is -10605 - -1?
-10604
In base 2, what is 101110 + -11?
101011
In base 13, what is -2ca0 + 1?
-2c9c
In base 8, what is -42 + -10?
-52
In base 4, what is 2 + 1021113?
1021121
In base 4, what is -10122 + -10?
-10132
In base 10, what is 353 + -4?
349
In base 14, what is 1 - -11b?
11c
In base 16, what is -12 - 1cf?
-1e1
In base 11, what is -5 + -71?
-76
In base 16, what is db + 2?
dd
In base 15, what is a2 - -3?
a5
In base 14, what is 1 + -12d8?
-12d7
In base 10, what is 2 - -528?
530
In base 13, what is 156 - 2?
154
In base 16, what is 70 + -3?
6d
In base 14, what is 1a44 + 5?
1a49
In base 10, what is 607 - 13?
594
In base 11, what is 0 - -4a0?
4a0
In base 8, what is -1 - -177?
176
In base 15, what is 3e + -1?
3d
In base 14, what is -2aa + -1?
-2ab
In base 16, what is 336 - 3?
333
In base 6, what is -322 + -1?
-323
In base 12, what is -4 + 68?
64
In base 7, what is -32246 + 5?
-32241
In base 13, what is 45 + 0?
45
In base 5, what is -11230 + 13?
-11212
In base 2, what is 100100110111 + 1?
100100111000
In base 14, what is -18 - 13?
-2b
In base 3, what is -21 + 120?
22
In base 7, what is -21 + -211?
-232
In base 10, what is 46 + -1?
45
In base 15, what is 3 + 4c1?
4c4
In base 13, what is 36 - -6?
3c
In base 13, what is -3 - 192?
-195
In base 4, what is 10 + 122302?
122312
In base 6, what is 4 + 50?
54
In base 9, what is -47 - -202?
144
In base 6, what is 2 + -2125?
-2123
In base 11, what is 21 + 7?
28
In base 7, what is 132 - -21?
153
In base 6, what is 145 - 1?
144
In base 13, what is -11 - -12?
1
In base 6, what is -15010 + 5?
-15001
In base 4, what is 232 + 2?
300
In base 16, what is -3 - -c4?
c1
In base 15, what is -6 - -14?
d
In base 7, what is 205 + 15?
223
In base 9, what is -1 + 63?
62
In base 3, what is 111010 - -11?
111021
In base 16, what is 861 + -8?
859
In base 16, what is 1f - e6?
-c7
In base 16, what is 5 + 152?
157
In base 2, what is 1 + -1001?
-1000
In base 14, what is -68b + -5?
-692
In base 15, what is -1 - 6ea?
-6eb
In base 7, what is -3645 + 0?
-3645
In base 4, what is 20 - 132?
-112
In base 8, what is 36 - -444?
502
In base 14, what is -14 - 2?
-16
In base 2, what is -10111111 + -1000?
-11000111
In base 2, what is 1 + 101101011?
101101100
In base 3, what is 202 - 2?
200
In base 3, what is -2011 - -12?
-1222
In base 7, what is -4 + -52?
-56
In base 3, what is -121 - -202210?
202012
In base 5, what is 1341241 + 4?
1341300
In base 8, what is -21 - -461?
440
In base 7, what is 22530 - 4?
22523
In base 6, what is -4 + 245?
241
In base 12, what is -49 - -2?
-47
In base 15, what is 42 - 5?
3c
In base 6, what is -105 - 51?
-200
In base 14, what is 14 - -25?
39
In base 10, what is -3 - -664?
661
In base 13, what is 1588 + -5?
1583
In base 2, what is -100 + -110111?
-111011
In base 11, what is -1372 - -3?
-136a
In base 8, what is 5012 - 4?
5006
In base 5, what is 1031 - 101?
430
In base 16, what is -b + -5?
-10
In base 8, what is 5 + -3551?
-3544
In base 14, what is -b53 - -5?
-b4c
In base 7, what is -1212 - -3?
-1206
In base 13, what is 0 + -4?
-4
In base 7, what is -445 - 100?
-545
In base 7, what is 530 - -5?
535
In base 8, what is 34 - -15?
51
In base 7, what is 1514 + -2?
1512
In base 13, what is -280c + 3?
-2809
In base 7, what is 6 - 4?
2
In base 11, what is -4 + -96?
-9a
In base 12, what is 50 + -18?
34
In base 16, what is -b0 + -5?
-b5
In base 11, what is -81 - -90?
a
In base 6, what is 3503 - -5?
3512
In base 12, what is 5 + -2472?
-2469
In base 9, what is 18 - -60?
78
In base 16, what is -a3 + 0?
-a3
In base 7, what is -36 + 0?
-36
In base 16, what is 6be + -3?
6bb
In base 10, what is 261 + 2?
263
In base 2, what is 1000011 - -10001?
1010100
In base 9, what is 1010 + 2?
1012
In base 4, what is 3200 - -20?
3220
In base 4, what is -123 + 132?
3
In base 7, what is 361 - 3?
355
In base 16, what is -60 + -3?
-63
In base 15, what is 381 - -4?
385
In base 12, what is 447 - -13?
45a
In base 3, what is -200101 + 2?
-200022
In base 4, what is -10012 - -2?
-10010
In base 10, what is 579 + -1?
578
In base 11, what is -770 - -3?
-768
In base 6, what is -442 - 4?
-450
In base 11, what is 5 + 2393?
2398
In base 5, what is 303 - 21?
232
In base 3, what is 10 + 1102?
1112
In base 5, what is 1304 + -12?
1242
In base 5, what is 3 + 2112?
2120
In base 9, what is 1413 + -4?
1408
In base 14, what is 7a - 2?
78
In base 15, what is -3b - 1?
-3c
In base 11, what is -138 - -2?
-136
In base 6, what is -4 + -124?
-132
In base 5, what is -4 + 234?
230
In base 8, what is -2 + -1472?
-1474
In base 9, what is 12684 + 2?
12686
In base 10, what is -444 - 3?
-447
In base 5, what is -13221 - -1?
-13220
In base 2, what is 10 + -100001?
-11111
In base 5, what is -21 + 2233?
2212
In base 11, what is 3 - 30?
-28
In base 4, what is -21221 - 10?
-21231
In base 14, what is 58 - -7?
61
In base 16, what is -185 - 3?
-188
In base 9, what is 260 - -33?
303
In base 2, what is -11010000 - -1?
-11001111
In base 9, what is 5 + 171?
176
In base 2, what is -10 - 10001110111?
-10001111001
In base 6, what is 210 - -4?
214
In base 13, what is -a3 + 4?
-9c
In base 9, what is 14 - -5?
20
In base 7, what is -5 + -40?
-45
In base 4, what is 12 + 0?
12
In base 16, what is -39 - -17?
-22
In base 7, what is -2 + -21002?
-21004
In base 4, what is 3030133 + 2?
3030201
In base 14, what is 0 - -5d5?
5d5
In base 12, what is 17 - -3?
1a
In base 13, what is -3 - 8?
-b
In base 16, what is -fd2 - 2?
-fd4
In base 12, what is 158 + 2?
15a
In base 12, what is -2 + -172?
-174
In base 15, what is -3d + 3?
-3a
In base 4, what is -130212 + -20?
-130232
In base 6, what is -5 - -53?
44
In base 2, what is -111111110010 + -11?
-111111110101
In base 7, what is 2 + -111?
-106
In base 12, what is 10 + 21?
31
In base 13, what is 9 + -9?
0
In base 11, what is 18 - 2?
16
In base 15, what is dde - -3?
de2
In base 2, what is 101011 - 111110?
-10011
In base 13, what is 363 - -2?
365
In base 16, what is 5 + -96?
-91
In base 10, what is 111 - -2?
113
In base 9, what is 225 + 8?
234
In base 4, what is -11 - -11232?
11221
In base 10, what is 1 + 127?
128
In base 3, what is -1120 + -10111?
-12001
In base 6, what is 4050 - 43?
4003
In base 13, what is -3a - -b?
-2c
In base 12, what is 89 + 68?
135
In base 2, what is 101011100 - 10000?
101001100
In base 4, what is 11 + -101?